{"id":833,"date":"2017-03-14T13:06:40","date_gmt":"2017-03-14T13:06:40","guid":{"rendered":"http:\/\/elektro-abderhalden.ch\/?page_id=833"},"modified":"2017-03-14T14:50:08","modified_gmt":"2017-03-14T14:50:08","slug":"ueber-uns","status":"publish","type":"page","link":"https:\/\/elektro-abderhalden.ch\/?page_id=833","title":{"rendered":"\u00dcber uns"},"content":{"rendered":"<p>Seit 1949 besteht das Elektrofachgesch\u00e4ft Abderhalden und wird in der 3. Generation von Erich Abderhalden erfolgreich gef\u00fchrt. Feedback oder Fragen, schreiben Sie uns &nbsp; Facebook<\/p>\n","protected":false},"excerpt":{"rendered":"<p>Seit 1949 besteht das Elektrofachgesch\u00e4ft Abderhalden und wird in der 3. Generation von Erich Abderhalden erfolgreich gef\u00fchrt. Feedback oder Fragen, schreiben Sie uns &nbsp; Facebook<\/p>\n","protected":false},"author":4,"featured_media":0,"parent":0,"menu_order":0,"comment_status":"closed","ping_status":"closed","template":"","meta":[],"_links":{"self":[{"href":"https:\/\/elektro-abderhalden.ch\/index.php?rest_route=\/wp\/v2\/pages\/833"}],"collection":[{"href":"https:\/\/elektro-abderhalden.ch\/index.php?rest_route=\/wp\/v2\/pages"}],"about":[{"href":"https:\/\/elektro-abderhalden.ch\/index.php?rest_route=\/wp\/v2\/types\/page"}],"author":[{"embeddable":true,"href":"https:\/\/elektro-abderhalden.ch\/index.php?rest_route=\/wp\/v2\/users\/4"}],"replies":[{"embeddable":true,"href":"https:\/\/elektro-abderhalden.ch\/index.php?rest_route=%2Fwp%2Fv2%2Fcomments&post=833"}],"version-history":[{"count":24,"href":"https:\/\/elektro-abderhalden.ch\/index.php?rest_route=\/wp\/v2\/pages\/833\/revisions"}],"predecessor-version":[{"id":908,"href":"https:\/\/elektro-abderhalden.ch\/index.php?rest_route=\/wp\/v2\/pages\/833\/revisions\/908"}],"wp:attachment":[{"href":"https:\/\/elektro-abderhalden.ch\/index.php?rest_route=%2Fwp%2Fv2%2Fmedia&parent=833"}],"curies":[{"name":"wp","href":"https:\/\/api.w.org\/{rel}","templated":true}]}}

Über uns

<p>Seit 1949 besteht das Elektrofachgeschäft Abderhalden und wird in der 3. Generation von Erich Abderhalden erfolgreich geführt. Feedback oder Fragen, schreiben Sie uns &nbsp; Facebook</p>
